 + 20 - -21) + -6)?
-96
What is -21 + (-1 + 0 - (-375 + 364))?
-11
What is 147 + -102 + 6 + -10 + (-1 - 2)?
38
What is 4 - -5 - 7 - (-21 + 16 + -21)?
28
Calculate 110 + 22 + -16 + -143.
-27
23 - 1 - ((43 - -4 - 17) + -21)
13
Calculate 195 + -168 + 1 + (16 - 5).
39
Calculate -10 - (-42 - (-15 + -7) - -10).
0
What is the value of -52 - (25 - 86) - 18?
-9
Evaluate -45 + (10 - -4) + -7 + -13 + 3.
-48
-12 + 7 + -4 - ((5 - -10) + -35)
11
What is (1 + -7 - 1 - 10) + -14?
-31
Evaluate -47 - 2 - (126 - 213).
38
Evaluate 11 + 9 - 10 - 29.
-19
Calculate 38 + 7 - (8 + -5 + -3 + -4).
49
Calculate (54 + -1 + -27 - 58) + 5.
-27
Calculate 50 - 45 - (4 + -6 - -28).
-21
What is the value of (-7 + 2 - 14) + 30 + -19 + -73?
-81
What is (-59 - (5 - (-9 - (-17 + -11)))) + (-8 - -2)?
-51
What is the value of (4 - (7 - 3) - 2) + -56 + 62?
4
What is (6 - (1 + (1 - 0))) + -465 + 459 + 83?
81
Evaluate 47 - (151 + -144 - (23 + -2)).
61
-17 + (15 - (4 + (7 - 15) + 12))
-10
Calculate (1 - 1 - -4) + 54 + -74 + -13.
-29
What is 101 - (-51 + 33) - 49?
70
What is the value of (0 - -47 - -1 - 0) + -630 + 625?
43
What is the value of (166 - 128) + (1 - -26)?
65
Calculate -83 - (27 + -40 + 22 + -11 + -14).
-67
(-2 - (7 + -3 - 3)) + -48 + (217 - 121)
45
Evaluate 1 - (-12 - -3) - 21 - (-37 - 0).
26
Evaluate -15 + (-105 - -103 - 47).
-64
-9 + -2 - -4 - (7 + -13 + 2) - -15
12
What is the value of 0 - 11 - (-30 - (-7 - (-5 + 19)))?
-2
Evaluate 9 + -25 + (-50 - 3) + (-108 - -123).
-54
What is 1 + -19 + 0 + 33251 + -33243?
-10
What is the value of (-686 - -678) + (-63 - 6 - 2)?
-79
What is the value of (11 - (-3 + 18)) + -5 + -6 - -2?
-13
0 + 2 + (1 - 17 - 1 - 23) - -6
-32
(-12 - 1) + -2842 + 2834
-21
What is -5 - (-10 + 2 + (-502 - -467))?
38
Calculate (-28 + 95 - 25) + -6.
36
What is the value of (-10 - -31) + -34 + (130 - (-5 + 19 + -10))?
113
(9 - (-49 - -32)) + (9 - -6)
41
Evaluate -12 - ((15 - 23) + -29 - -31).
-6
-357 + 351 + 18 + -1 + 30
41
Calculate 38 + -208 - -56 - -59.
-55
Evaluate -28 + 0 + -2 - (-59 - (-6 + -51)).
-28
(1 - -54) + 1 + (-535 - -606 - (-3 + 87))
43
Calculate -126 + 157 + (0 - -19 - -2) + 10.
62
Calculate -101 + 4 + -9 - (-2 - (19 + -1 - 12)).
-98
Evaluate 2 + 5 - ((-8 - -49) + -34).
0
What is the value of 136 + -20 - (21 + 47)?
48
What is 5 + (1 + 0 + (13 - 6) - (29 - -13))?
-29
What is (13 - (7 + 24)) + 36?
18
Calculate 11 + (-25 - (-21 + 43)) + 41.
5
What is the value of -1441 + 1483 - (-4 - 53)?
99
Evaluate -52 - (41 + (65 - 132)).
-26
What is 2 - 32 - (-1 + -52 + -55)?
78
59 + (-21 - (8 + -12 - (-30 - -40)))
52
What is the value of (1 - ((4 - 7) + -7 - -49)) + -2 - 1?
-41
-29 + (36 - 60) + 123
70
What is the value of -61 + -16 + 18 - (0 + (-4 - -1) + 3)?
-59
Evaluate -2 + 26 + 152 + (-292 - -173).
57
Calculate -21 + 1 + -9 + -37 + 29.
-37
Calculate 217 + -74 - (-27 + 25 + 23).
122
What is (8 + -7 - (-6 - (-22 + 3))) + 50 + 0?
38
(0 - -5 - (0 - -5) - -24) + (172 - 159)
37
Calculate 5 + 2 + 4 - (28 - 19) - 36.
-34
13 + -1 - (-312 - -361)
-37
What is -3 + -3 - (2 - 5) - ((83 - 39) + -96)?
49
What is (0 - (24 + -10)) + 3 + 12 + 14 - -72?
87
(-15 - -1) + (-24 - (76 - 106))
-8
What is 0 - -18 - (-2 - (-14 + 19))?
25
What is 4 + -4 + (0 + 9 - (-322 + 334))?
-3
Calculate 8 - (-7 + 5 + -1) - (-44 + 12 + -10).
53
What is the value of (6 - (-14 - -4) - (-10 - -2)) + -6?
18
Calculate (-12 - -12) + (-2 - -87) + (7 - (10 - 2)).
84
What is 3 - (1 + 3 + -61) - (25 - (6 - -16))?
57
What is the value of -105 + 0 + 0 - (-14634 - -14594)?
-65
(1 - -33) + 54 + -101
-13
Evaluate 29 - (34 + -5 + (13 - 17)).
4
What is -4 - -15 - (228 - 249)?
32
What is the value of 103 + 36 + (-70 - 23)?
46
What is the value of 36 + (13 - (8 + (8 - (3 + -8))))?
28
(2 - (15 - -10)) + 14 + (-7 - -5)
-11
Evaluate (-239 - -217) + (86 - 3).
61
Calculate 104 + -85 + (-81 - -145).
83
Evaluate -13 - (-1 + (36 - 39) - (27 - -1)).
19
What is the value of 11 + (-48 + (-3 - 12) - -10)?
-42
What is (109 - (47 + -37)) + -39?
60
What is the value of -44 + 3 + -448 + 440?
-49
1 + (-85 - (-17 + -68))
1
What is -1 + -72 + 99 + -41 + 0?
-15
-3 - (-50 - -93) - (-15 + -1)
-30
59 - -2 - (28 + (-2 - -11 - 30))
54
What is ((24 - 44) + 34 - 74) + 36?
-24
(74 - 181) + 123 - 23
-7
Evaluate -2 - 7 - (380 + -419) - 23.
7
What is the value of 6 + -2 + -16 + -4 - -4 - -72?
60
-4 + (-25 - (16 - 43))
-2
What is 324 + -260 + 2 + -14 + -4 + 19?
67
-2 - (-30 - -121 - 49)
-44
Evaluate -48 + (-122 - (-37 + -182)).
49
51 + -11 + (-40 - (6 - 26))
20
-22 - ((-9 - 18) + 9 - 7)
3
Calculate -8 + (-715 - -777 - (15 + 2 + -3)).
40
What is the value of (1 - 3 - 5) + 90 + -73?
10
Calculate (2 - -13) + 2 + 4 + (9 - 24 - -15).
21
What is -38 + 1 - (-258 - -173)?
48
What is the value of (0 - 3 - (-20 + 35 - -13)) + 3?
-28
Calculate 66 + -7 + 2 + (0 - (-10 - (5 - 15))).
61
Calculate (65 - 86) + -13 + 3 - 30.
-61
What is the value of -18 + -3 + -19 + 31 + -47?
-56
Calculate -68 - (-32 + -14) - (-29 + -3 + 6).
4
30 + 20 - 73 - 12
-35
3 + 37 + (641 - 655)
26
What is -20 + -71 + (-40 - -144)?
13
0 - -1 - (-26 - (-7 + -7 + 12 + -8))
17
(-94 - -168) + (-139 - -69)
4
Calculate -12 + 10 + 1 + (-52 - (3 - -5) - -9).
-52
Calculate -11 + 27 + 51 + -32.
35
(-39 - -2) + 0 + -1 - (-200 + (111 - -80))
-29
8 - -89 - (14 + -12 - (8 - 22))
81
What is the value of -2 - (-19 + 23) - 11 - -25?
8
What is 17 + 2 + 8 - (-28 + 8 + 20)?
27
Calculate (-861 - -824) + (-3 - -2 - -11) + -14 + 9.
-32
Calculate -54 - (-28 + -14) - (-1 + 4).
-15
What is the value of -31 + (-17 - (-6 + 40 - 52))?
-30
Calculate 32 + (0 + 4 - -15) - (1 + 11).
39
(-156 - (-172 + 53)) + -34 + -4
-75
Evaluate -12 + (-57 + 59 - ((-9 - -11) + 40)).
-52
-130 - (-14 + (-35 - 75))
-6
Evaluate (108 + (-6 - 15) - 25) + 1 + 8.
71
Calculate (-10 + 6 - -24) + -10 + (-13 - (1 + 0)).
-4
(-69 - (-15 - -15)) + (-11 + 2 - (102 + -107))
-73
What is -10 - 6 - -66 - (4 - (5 - 3))?
48
Evaluate -23 + 0 - (-356 + 315) - (4 - 9).
23
Evaluate 35 + (-88 + 58 - -88).
93
What is the value of (-201 - -152) + (-23 - -21) + 0 + -7?
-58
Evaluate -3 - 13 - (-33 + (-13 - (-180 + 35))).
-115
What is -29 + (41 - (6 - 10 - -22))?
-6
Calculate -864 + 843 - (3 + -27).
3
Calculate 4 + (-17 - (-2 + 11)).
-22
Evaluate -58 + 7 - -90 - (0 - 11).
50
What is -18 - (77 + -66 + -87)?
58
-25 + (-22 - (-47 - -13) - 18)
-31
Calculate 2 - (-3 + 33 - (-13 - (2 - 6))).
-37
Calculate -111 + (1 - 7) + -10 + -19 + 19 + 26.
-101
Evaluate 101 + (-387 + 396 - ((0 + -4 - -1) + 6)).
107
1 + -9 + 5 + -13 + (10 - (1 - -3))
-10
What is 39 + -80 + 37 - (71 + -1)?
-74
What is -6 + (1 - 2 - (-37 + -42)) + (-4 - -3)?
71
What is (-1 - -38) + 2 - 0 - (6 + 33 - 38)?
38
Calculate (-2 + 3 - (0 - 3)) + (-39 - (-24 - 1)).
-10
What is 19 + -1 + -3 + -7 - ((1 - -37) + 3)?
-33
What is the value of 14 + -42 + 40 + (-17 - -4) - 17?
-18
-74 - (25 + -15) - (43 + -67)
-60
Evaluate -165 + 115 + -133 + 53.
-130
Evaluate 4 + (64 - 18) + 27 + -15.
62
3 - 10 - (106 - 19) - -9 - -11
-74
Evaluate (51 - (37 + -25) - 25) + -102.
-88
(-47 - -8) + -198 + 252
15
What is -18 + 2 + -1 + (52 - -4)?
39
Evaluate 86 + -51 + 12 + -134.
-87
Calculate 8 - (-26 - 1) - 82.
-47
Evaluate -27 + -36 + (73 - -8).
18
What is -14350 + 14224 + ((4 - 0) + -4 - (-1 + 2))?
-127
Calculate 56 - ((12 - 19) + 2 + -23).
84
-4 - (10 + (-10 - (-2 - 15)) - -52)
-73
Evaluate (113 - 89) + (-1 - -21 - 136).
-92
Calculate (3 - -19) + -1 + -5 + -50 + 16.
-18
What is 65 + -21 + -75 + 51?
20
What is (2 - 13) + -72 + 110 - (-4 - -1)?
30
Calculate (-1 - (-7 + 9 + -4 - -9)) + 23.
15
Calculate 20 - (-90 + -1 - (-1251 + 1221)).
81
Calculate -10 - (44 - (-11 + 42 - 102)).
-125
(-67 + -3 + -1 + -3 - 12) + 22
-64
(85 - 93 - -36) + 2 + 1 + 6
37
Calculate (-2228 - -2248) + (14 - (-3 + 3 - 3)).
37
Calculate (0 - (-11 + 1 - -2)) + (-19 - -28).
17
(-31 - -20 - ((6 - 12) + 5 - 139)) + -1
128
What is the value of 190 + 2 - (-9569 - -9644)?
117
What is 22 + (-2 + -19 - (3 - 31))?
29
Evaluate 1 + (-4 - (1 - (5 - 9))) + -35 + 38.
-5
What is the value of 47 - (180 + (-106 - -61))?
-88
Evaluate (-25 - 32 - -33) + 1 + (3 - -127).
107
-5 + -8 + 11 + -10 + 7 + 0
-5
Calculate 93 + 1 + ((-14 - -17) + -4 - -9).
102
What is 49 - (16 + -30 - -36 - 5)?
32
Calculate (151 - (-52 + 125)) + -27.
51
What is the value of 13970 - 13954 - (-1 - (-1 - (1 + 80)))